 q?
3
Let c(g) = -g**3 + 7*g**2 + 9*g - 5. Let i be c(8). What is the tens digit of (-114)/i*(-2)/4?
1
Let d(w) = -w**3 - 2*w**2 + 7*w + 7. What is the units digit of d(-4)?
1
Suppose 0 = d + 2*d - 3. Suppose -4 = -3*f + 2*q + 1, 5*f = q + 20. Suppose -4*o - d = -f*o. What is the units digit of o?
1
Let d(x) = 34*x + 4. What is the units digit of d(2)?
2
Let y = -28 + 19. What is the tens digit of 1*14*(y - -11)?
2
Let w(r) = r**3 + 7*r**2 + 5. Let m be w(-7). Suppose 0 = -m*a + k + 124, -a + 5*a - 104 = -4*k. What is the units digit of a?
5
Let i(b) = b - 12. Let o be i(11). What is the units digit of (-4)/((-12)/27) + o?
8
Suppose 0 = k + 2 - 4. What is the units digit of k?
2
Let b = 20 - -29. What is the tens digit of b?
4
Let o(l) = l**2 - 2. Let t be 16/12*(-6)/(-4). Let k be 0*t/(-6) + -3. What is the units digit of o(k)?
7
Suppose -3*l - 1 = -145. Suppose 5*a = -l + 243. What is the units digit of (-24)/32 + a/4?
9
What is the units digit of 6/18 - (-214)/6?
6
Suppose -2 = -j + 1. Suppose j*m = 3, -4*b + 15 + 83 = -2*m. What is the units digit of b?
5
Let d be 6*(-7)/((-21)/2). What is the units digit of 2*((-126)/d)/(-7)?
9
Suppose 12 = 4*l - 16. What is the units digit of l?
7
What is the units digit of 3 - (-1 + -56 - -3)?
7
Let d(y) = -8*y + 12. What is the tens digit of d(-13)?
1
Suppose 5*n = 4 + 6. Suppose -4*l = -3*g, -2*l - 5*g + 20 = -6. Suppose -2*w - 3 = -2*f + 1, l*w = -f + n. What is the units digit of f?
2
Suppose p - 39 = 3*u - 5*u, -2*p = 2*u - 70. What is the tens digit of p?
3
Let f = 34 - 11. Suppose 0 = -5*m - 2*a + f, 3*a - 3 = -4*m + 21. Suppose m*u - 28 = -u. What is the units digit of u?
7
Let w be (-1)/(6/8 + -1). Let t(j) = -j**3 + 4*j**2 - j + 4. Let v be t(w). Let n = v + 1. What is the units digit of n?
1
What is the units digit of 5 - -34 - 6/(0 - -2)?
6
Let b = -20 + 11. Let m(l) be the first derivative of -l**4/4 - 3*l**3 - l**2/2 - 5*l - 24. What is the units digit of m(b)?
4
Let k = -652 + 943. What is the hundreds digit of k?
2
Let v = 186 - 127. What is the tens digit of v?
5
Let c(v) = -v**3 + 6*v**2 + 7*v + 8. Let s be c(7). Suppose -2*p - 5*a = -49, 3*p + 5*a + 140 = s*p. What is the tens digit of p?
2
Suppose l - x = -2, 2*x + 10 = 3*l + 3*x. Suppose -4*f + 2*c = -5*f + l, -5*f - 4*c + 16 = 0. What is the units digit of f?
4
Let p(a) = -a**2 + 7*a + 7. Let o be p(8). Let d = 1 - o. What is the units digit of d?
2
Let g be -2*(-2)/4*4. Suppose -3*x - g*a + 8 = x, 5*x - 5*a = 0. What is the units digit of x?
1
Suppose -f + 3*r + 17 = 0, 4*f = 2*r + 3*r + 40. Suppose 0 = -f*n + 5*i + 90, n - 3*i - 26 = -0*i. What is the units digit of n?
4
Suppose -2*p + 0*p + r + 6 = 0, 3*p - 18 = -3*r. Let m be p/(-6) + 2/3. Suppose -5*g + m = -20. What is the units digit of g?
4
Let k be 1/(2/(-1 + 33)). Let h = -11 + k. Suppose -h*m - 3*v = -2, -3*v = -m + v + 5. What is the units digit of m?
1
Suppose i = -i + 4. Suppose 3*l = -2*l + i*f + 89, -62 = -4*l - 3*f. What is the units digit of l?
7
Suppose 2*x = -2*x. What is the units digit of -5 + 8 + x + 3?
6
Let x be (5 - 0)/(4 - 5). Let u = x - -11. What is the units digit of u?
6
Suppose -v + 16 = s, -s + 69 = 4*v - 2*s. Let b = 20 + -29. Let g = v + b. What is the units digit of g?
8
Let g(d) = -d**2 + d + 4. Let w be g(3). What is the units digit of (-6 - -17)*(w - -4)?
2
Suppose -4*m + 4 = 0, 5*m + 25891 - 2760 = -4*z. What is the tens digit of z/(-180) - (-4)/(-30)?
3
Suppose 25 = 5*n, -4*n - 10 = 3*q + 2*q. Suppose -2*o + 1 + 1 = 0. What is the units digit of o/(-2) + (-9)/q?
1
Let s(x) = -14*x**2 - 3*x + 3. Let d(k) = k**2 + k. Let z(i) = -4*d(i) - s(i). What is the tens digit of z(2)?
3
Let n(i) = -i**3 - 3*i**2 - i + 1. Let o be n(-2). What is the tens digit of 29 + o/((-2)/2)?
3
Let p = -3 - -8. Suppose -p*s = 3*j - 56, -8 = 5*j + 7. What is the tens digit of s?
1
Let d(x) = 13*x - 2. Let a(o) = 2*o - 4. Let u be a(3). What is the tens digit of d(u)?
2
Let t = -2 + 2. Suppose y + h - 75 = -y, t = y + 5*h - 42. What is the units digit of y?
7
Let c(n) = -n**3 + 3*n**2 + 2. Let l be c(3). Suppose -a + l*a = 11. What is the tens digit of a?
1
Suppose 4*w = -4*x, 0*x = -5*x + 4*w + 27. Suppose 21 = x*n - 3*s, s = -0*s - 1. Let k = n - 2. What is the units digit of k?
4
Let g(z) be the first derivative of z**2/2 + 14*z + 1. Let l(i) = -i**2 - 20*i - 19. Let m be l(-19). What is the tens digit of g(m)?
1
Suppose 0 = t - d - 3, 7 = 3*t - t - d. Let x = t - -1. What is the units digit of x?
5
Let v(c) = c**3 - 4*c**2 - 6*c - 3. Let l be v(5). Let p = 11 + l. What is the units digit of p?
3
Suppose 3*j - 3 = 3*f, -3*j + f + 0 = -1. Suppose -3*r - 3*k + 114 = j, 150 = -r + 5*r + 5*k. What is the tens digit of r?
4
Let n(d) = 5*d**2 + 4*d + 3. Let g be n(-2). What is the units digit of (g/9 - 2)*-33?
1
Suppose -2*y + c + c = -12, 3*y + 5*c = -14. Let i be 0/(-2) + (3 - y). What is the units digit of 27/3 - i*2?
7
Let s(n) be the third derivative of -n**6/120 - n**5/60 - n**4/24 + n**2. Let x be s(0). Suppose 5*t + x*t = 35. What is the units digit of t?
7
Suppose 5*q - 209 = -64. Suppose -3*a = -2*p - q, 15 + 5 = 4*p. What is the units digit of a?
3
Suppose -2*k - 2 = -4*n, -k + 5*n + 3 - 13 = 0. Suppose -23 = -l + 3*r - 5, 0 = -k*l + 3*r + 66. What is the units digit of l?
2
Let i(q) = -q**2 + 12*q - 1. Suppose 6*o = 7*o - 5. What is the tens digit of i(o)?
3
Let q(y) = -1 + 3 - 2*y - 3. Let n be q(-4). Suppose -a - 3*r - n = 0, -a + 3*r = 4*r - 1. What is the units digit of a?
5
Let m(z) = 5*z**3 + 2*z - 1. Let k be m(1). Let i be 1 + 4/k*6. Suppose -10 - 20 = -i*n. What is the units digit of n?
6
Suppose -5*o + 16 = -4*d - 46, o - 24 = -5*d. What is the units digit of 6/(-2) - o*-1?
1
Suppose -m + 78 = -2*v, -5*v - 119 = -3*m + 120. What is the tens digit of m?
8
Suppose 2*x - f = 195, 6*f - 5 = 5*f. What is the tens digit of x?
0
Suppose -2*z = 2*y - z - 43, 10 = 2*z. What is the tens digit of y?
1
Let a = 6 - 2. Let g be ((-2)/(-3))/(a/24). What is the units digit of 10/g - 2/(-4)?
3
Let w = 26 - -14. What is the units digit of w?
0
Let a(x) = x**2 + 19*x - 10. What is the tens digit of a(-23)?
8
Let s(n) = -4*n + 50. What is the tens digit of s(0)?
5
Let i = 2 + 13. What is the tens digit of i?
1
Let g be 3 + 9/(-3)*-1. Let s be (-2)/((-21)/g - -3). Suppose -8 = -s*c, -2*j + 3*c = -j - 4. What is the tens digit of j?
1
Suppose 0 = -2*v - 0*v - 3*l + 215, 210 = 2*v - 2*l. What is the units digit of v?
6
Let q(a) = 6*a + 7 - 6*a - a. Let v be q(5). Suppose v*d - 18 = d. What is the units digit of d?
8
Suppose -28 = -2*w + 2*d + 32, 3*w - 5*d = 90. What is the units digit of w?
0
Suppose -3*x + z + 77 = -0*x, -2*z = -x + 34. Let f = 10 + -7. Suppose -l - f*l + x = 0. What is the units digit of l?
6
Suppose -k = -4*j + 2*k + 16, -4*k + 37 = 3*j. Let o = 7 + j. What is the units digit of o?
4
Suppose 0 = -5*s + 2 + 8. Let f be (3/s)/(1/(-10)). Let u = 24 + f. What is the units digit of u?
9
Let q(t) = -2*t - 3. Let s be q(-4). Suppose 7 = s*b - 8. Suppose 0 = -b*y + 3. What is the units digit of y?
1
Let r(t) = -6*t + 15. What is the units digit of r(-12)?
7
Let a(n) = n**2 - 4*n - 7. Let z be a(6). Suppose k = z*k - 152. What is the units digit of k?
8
Let s(h) = h**3 - 6*h**2 + 6*h. Let x be s(4). Let d = x - -4. Let q = d + 5. What is the units digit of q?
1
What is the tens digit of (-70)/(3 - 16/5)?
5
Let i be 8/(-3)*(-198)/4. Suppose 0 = -u + 3*u - i. Suppose 22 = 4*y - u. What is the tens digit of y?
2
Let h be 15/4 + 2/8. Suppose 0 = -2*c + 5*m + 20, 3*c - 2*c + m + h = 0. Suppose c = r + 3*t - 9, 4*r + 5 = 5*r + t. What is the units digit of r?
3
Let u be -8 - (0 + -1)/1. Let h = u - 0. Let p = h + 8. What is the units digit of p?
1
Let j(x) = 9*x**2 - 2*x**2 - x**3 + 0*x**2 - 5*x**2. Suppose -3 = -3*b - 0*b. What is the units digit of j(b)?
1
Let t = -99 + 149. What is the units digit of t?
0
Suppose -2*q - 2*b = -0*b - 402, -4*q = -b - 804. What is the units digit of q?
1
What is the tens digit of ((-189)/12)/(4/(-32))?
2
Suppose n + n - 3 = -5*b, -n - 6 = -5*b. Let u be (b/2)/((-2)/(-120)). Suppose 9 = -3*g + u. What is the units digit of g?
7
Suppose 36 - 156 = -3*n. What is the tens digit of n?
4
Let w(z) be the second derivative of -z**4/12 